s 15 divide 1149?
False
Does 49 divide 13671?
True
Is 136 a multiple of 17?
True
Is 89641 a multiple of 232?
False
Is 89848 a multiple of 88?
True
Is 3 a factor of 42?
True
Is 2 a factor of 39?
False
Is 1936 a multiple of 15?
False
Is 4349 a multiple of 19?
False
Is 642 a multiple of 104?
False
Is 15 a factor of 946?
False
Is 585 a multiple of 39?
True
Does 25 divide 2130?
False
Is 381 a factor of 15311?
False
Is 147 a multiple of 49?
True
Is 1129 a multiple of 68?
False
Does 18 divide 11934?
True
Is 54 a factor of 2029?
False
Does 124 divide 14508?
True
Is 355 a multiple of 29?
False
Is 972 a multiple of 3?
True
Is 7 a factor of 924?
True
Does 49 divide 539?
True
Is 948 a multiple of 75?
False
Is 2753 a multiple of 17?
False
Is 14 a factor of 872?
False
Does 13 divide 3887?
True
Is 20 a factor of 7127?
False
Is 19478 a multiple of 89?
False
Is 274 a multiple of 35?
False
Does 14 divide 7266?
True
Is 29 even?
False
Is 1495 a multiple of 12?
False
Is 50406 a multiple of 204?
False
Does 10 divide 2030?
True
Does 29 divide 24413?
False
Is 3745 a multiple of 6?
False
Is 7 a factor of 245?
True
Is 280 a multiple of 10?
True
Is 20468 a multiple of 14?
True
Is 5426 a multiple of 99?
False
Is 34492 a multiple of 10?
False
Does 5 divide 21415?
True
Is 4086 a multiple of 35?
False
Does 48 divide 1536?
True
Is 546 a multiple of 13?
True
Is 2991 a multiple of 13?
False
Is 2352 a multiple of 12?
True
Does 2 divide 62?
True
Does 37 divide 407?
True
Is 10 a factor of 226?
False
Is 292 a multiple of 73?
True
Is 18 a factor of 450?
True
Is 250 a multiple of 25?
True
Is 6457 a multiple of 210?
False
Does 25 divide 4250?
True
Does 19 divide 9139?
True
Is 11 a factor of 798?
False
Does 85 divide 23035?
True
Is 24 a factor of 7896?
True
Does 20 divide 1360?
True
Does 9 divide 685?
False
Is 8587 a multiple of 35?
False
Does 16 divide 69000?
False
Is 11 a factor of 529?
False
Is 12328 a multiple of 228?
False
Is 3013 a multiple of 56?
False
Is 2483 a multiple of 23?
False
Is 645 a multiple of 15?
True
Is 4 a factor of 1155?
False
Is 11 a factor of 16247?
True
Does 85 divide 251?
False
Is 31 a factor of 309?
False
Is 82 a factor of 6806?
True
Is 12 a factor of 107525?
False
Is 11 a factor of 803?
True
Does 8 divide 6184?
True
Does 23 divide 736?
True
Is 10 a factor of 570?
True
Is 57 a factor of 2109?
True
Does 22 divide 7788?
True
Does 11 divide 52012?
False
Is 5958 a multiple of 98?
False
Is 17335 a multiple of 5?
True
Is 2199 a multiple of 184?
False
Does 13 divide 899?
False
Is 37 a factor of 11058?
False
Is 5 a factor of 13805?
True
Is 684 a multiple of 14?
False
Is 12 a factor of 4284?
True
Is 5 a factor of 68?
False
Does 24 divide 311?
False
Is 11 a factor of 12188?
True
Is 8550 a multiple of 50?
True
Is 7 a factor of 1435?
True
Is 41884 a multiple of 37?
True
Does 7 divide 105?
True
Does 9 divide 7406?
False
Is 1747 a multiple of 30?
False
Is 5 a factor of 1089?
False
Is 5 a factor of 132?
False
Is 31381 a multiple of 9?
False
Is 32 a factor of 4864?
True
Is 950 a multiple of 5?
True
Does 37 divide 58425?
False
Is 51 a factor of 590?
False
Is 18 a factor of 335?
False
Is 6613 a multiple of 16?
False
Is 526 a multiple of 66?
False
Does 43 divide 1231?
False
Is 4460 a multiple of 7?
False
Does 27 divide 2820?
False
Is 1518 a multiple of 66?
True
Does 35 divide 168?
False
Does 174 divide 18073?
False
Is 1451 a multiple of 46?
False
Is 4 a factor of 10268?
True
Does 6 divide 1848?
True
Is 1440 a multiple of 24?
True
Does 29 divide 464?
True
Does 125 divide 14625?
True
Is 29 a factor of 168258?
True
Is 16472 a multiple of 142?
True
Does 11 divide 2252?
False
Is 159 a factor of 31134?
False
Does 8 divide 72?
True
Is 27 a factor of 1755?
True
Does 42 divide 2425?
False
Does 8 divide 22624?
True
Is 3455 a multiple of 19?
False
Does 96 divide 158784?
True
Is 1603 a multiple of 7?
True
Is 4200 a multiple of 5?
True
Is 630 a multiple of 45?
True
Is 20550 a multiple of 49?
False
Does 29 divide 1363?
True
Is 15 a factor of 14190?
True
Is 11549 a multiple of 101?
False
Does 4 divide 13885?
False
Does 58 divide 13978?
True
Is 12 a factor of 132096?
True
Is 19 a factor of 570?
True
Is 4 a factor of 628?
True
Does 32 divide 256?
True
Is 42 a factor of 25581?
False
Is 20 a factor of 2161?
False
Does 34 divide 4647?
False
Is 1947 a multiple of 33?
True
Is 10 a factor of 35150?
True
Does 7 divide 5213?
False
Is 24206 a multiple of 38?
True
Is 90 a factor of 14493?
False
Is 107 a factor of 1978?
False
Is 12 a factor of 540?
True
Is 9 a factor of 288?
True
Does 10 divide 30450?
True
Is 1280 a multiple of 32?
True
Is 9 a factor of 11601?
True
Is 30 a factor of 547?
False
Is 737 a multiple of 11?
True
Is 14 a factor of 3024?
True
Does 4 divide 302?
False
Is 18906 a multiple of 147?
False
Is 22 a factor of 2200?
True
Is 16 a factor of 2091?
False
Does 6 divide 4721?
False
Is 18405 a multiple of 67?
False
Does 6 divide 357?
False
Does 16 divide 1328?
True
Is 83916 a multiple of 42?
True
Is 10 a factor of 2897?
False
Is 12 a factor of 569?
False
Is 20 a factor of 1220?
True
Is 630 a multiple of 63?
True
Does 22 divide 5502?
False
Is 16659 a multiple of 65?
False
Is 53 a factor of 5107?
False
Is 18 a factor of 342?
True
Does 17 divide 10329?
False
Is 11 a factor of 29572?
False
Is 31 a factor of 1488?
True
Is 45 a factor of 4555?
False
Is 106 a factor of 1288?
False
Is 28478 a multiple of 27?
False
Is 3570 a multiple of 42?
True
Is 67 a factor of 1072?
True
Is 43 a factor of 1355?
False
Is 5 a factor of 276?
False
Does 2 divide 111?
False
Is 4 a factor of 6661?
False
Is 440 a multiple of 34?
False
Is 5 a factor of 100?
True
Is 31 a factor of 12121?
True
Is 4868 a multiple of 30?
False
Does 26 divide 2217?
False
Is 1583 a multiple of 12?
False
Is 275 even?
False
Does 38 divide 874?
True
Is 13 a factor of 2298?
False
Is 17 a factor of 1734?
True
Is 6 a factor of 729?
False
Is 133 a factor of 3117?
False
Does 11 divide 251?
False
Is 63 a factor of 1367?
False
Does 26 divide 21138?
True
Is 6517 a multiple of 10?
False
Is 44 a multiple of 4?
True
Is 12 a factor of 161?
False
Is 7 a factor of 96?
False
Is 323 a multiple of 17?
True
Is 140 a factor of 2255?
False
Is 15939 a multiple of 69?
True
Does 21 divide 8175?
False
Is 7553 a multiple of 7?
True
Does 78 divide 6619?
False
Does 7 divide 14476?
True
Is 38 a factor of 6427?
False
Is 2 a factor of 13?
False
Is 12955 a multiple of 7?
False
Is 48 a factor of 336?
True
Is 6528 a multiple of 102?
True
Does 17 divide 15096?
True
Is 16 a factor of 192?
True
Is 491 a multiple of 11?
False
Is 28 a factor of 3388?
True
Is 140 a multiple of 19?
False
Is 53 a factor of 17855?
False
Is 31840 a multiple of 114?
False
Does 7 divide 259?
True
Is 98574 a multiple of 21?
True
Is 28416 a multiple of 16?
True
Is 783 a multiple of 27?
True
Is 5 a factor of 17?
False
Is 30 a factor of 119707?
False
Is 8 a factor of 392?
True
Is 2655 a multiple of 9?
True
Does 28 divide 784?
True
Is 1504 a multiple of 8?
True
Is 24 a factor of 6984?
True
Is 13 a factor of 3454?
False
Is 305 a multiple of 27?
False
Does 24 divide 1128?
True
Is 1628 a multiple of 20?
False
Does 4 divide 2467?
False
Is 48 a factor of 16752?
True
Is 1377 a multiple of 17?
True
Does 8 divide 41805?
False
Is 267 a factor of 42267?
False
Does 12 divide 348?
True
Is 26 a factor of 626?
False
Is 95 a multiple of 19?
True
Is 25 a factor of 2100?
True
Is 24 a factor of 6120?
True
Is 2532 a multiple of 12?
True
Is 23 a factor of 187?
False
Is 40 a factor of 4960?
True
Is 84 a factor of 66276?
True
Is 12 a factor of 936?
True
Is 9 a factor of 952?
False
Is 3 a factor of 11?
False
Is 25381 a multiple of 101?
False
Does 213 divide 28116?
True
Does 44 divide 2068?
True
Is 7 a factor of 773?
False
Is 13 a factor of 529?
False
Is 5 a factor of 2788?
False
Is 1147 a multiple of 9?
False
Does 22 divide 616?
True
Is 277 a factor of 68885?
False
Is 3573 a multiple of 61?
False
Does 25 divide 1175?
True
Is 29 a factor of 73234?
False
Does 67 divide 9648?
True
Is 32 a factor of 516?
False
Is 730 a multiple of 52?
False
Does 22 divide 26730?
True
Is 122 a factor of 3504?
False
Does 16 divide 53?
False
Is 224231 a multiple of 21?
False
Is 28 a factor of 1400?
True
Is 47 a factor of 3431?
True
Does 12 divide 12144?
Tru